{"id":257,"date":"2024-05-08T10:53:41","date_gmt":"2024-05-08T08:53:41","guid":{"rendered":"https:\/\/desarrollo.mmberriz.net\/XVI-capitulo-general\/?page_id=257"},"modified":"2024-05-28T12:48:39","modified_gmt":"2024-05-28T10:48:39","slug":"actualidad","status":"publish","type":"page","link":"https:\/\/mmberriz.org\/XVI-capitulo-general\/actualidad\/","title":{"rendered":"En Cap\u00edtulo"},"content":{"rendered":"\t\t<div data-elementor-type=\"wp-page\" data-elementor-id=\"257\" class=\"elementor elementor-257\" data-elementor-post-type=\"page\">\n\t\t\t\t<div class=\"elementor-element elementor-element-f45dbcb e-con-full e-flex e-con e-parent\" data-id=\"f45dbcb\" data-element_type=\"container\" data-e-type=\"container\" data-settings=\"{&quot;background_background&quot;:&quot;classic&quot;}\">\n\t\t<div class=\"elementor-element elementor-element-4697482 e-con-full e-flex e-con e-child\" data-id=\"4697482\" data-element_type=\"container\" data-e-type=\"container\">\n\t\t<div class=\"elementor-element elementor-element-8ac0cfd e-con-full e-flex e-con e-child\" data-id=\"8ac0cfd\" data-element_type=\"container\" data-e-type=\"container\">\n\t\t\t\t<div class=\"elementor-element elementor-element-2fc3908 elementor-widget__width-inherit elementor-widget elementor-widget-heading\" data-id=\"2fc3908\" data-element_type=\"widget\" data-e-type=\"widget\" data-widget_type=\"heading.default\">\n\t\t\t\t<div class=\"elementor-widget-container\">\n\t\t\t\t\t<h1 class=\"elementor-heading-title elementor-size-default\">En Cap\u00edtulo<\/h1>\t\t\t\t<\/div>\n\t\t\t\t<\/div>\n\t\t\t\t<\/div>\n\t\t\t\t<\/div>\n\t\t\t\t<\/div>\n\t\t<div class=\"elementor-element elementor-element-72b38532 e-flex e-con-boxed e-con e-parent\" data-id=\"72b38532\" data-element_type=\"container\" data-e-type=\"container\">\n\t\t\t\t\t<div class=\"e-con-inner\">\n\t\t\t\t<div class=\"elementor-element elementor-element-354a0d49 elementor-posts__hover-none elementor-grid-3 elementor-grid-tablet-2 elementor-grid-mobile-1 elementor-posts--thumbnail-top elementor-widget elementor-widget-posts\" data-id=\"354a0d49\" data-element_type=\"widget\" data-e-type=\"widget\" data-settings=\"{&quot;cards_row_gap&quot;:{&quot;unit&quot;:&quot;px&quot;,&quot;size&quot;:80,&quot;sizes&quot;:[]},&quot;cards_row_gap_tablet&quot;:{&quot;unit&quot;:&quot;px&quot;,&quot;size&quot;:71,&quot;sizes&quot;:[]},&quot;cards_row_gap_mobile&quot;:{&quot;unit&quot;:&quot;px&quot;,&quot;size&quot;:30,&quot;sizes&quot;:[]},&quot;pagination_type&quot;:&quot;prev_next&quot;,&quot;cards_columns&quot;:&quot;3&quot;,&quot;cards_columns_tablet&quot;:&quot;2&quot;,&quot;cards_columns_mobile&quot;:&quot;1&quot;}\" data-widget_type=\"posts.cards\">\n\t\t\t\t<div class=\"elementor-widget-container\">\n\t\t\t\t\t\t\t<div class=\"elementor-posts-container elementor-posts elementor-posts--skin-cards elementor-grid\" role=\"list\">\n\t\t\t\t<article class=\"elementor-post elementor-grid-item post-4605 post type-post status-publish format-standard has-post-thumbnail hentry category-en-capitulo category-ver-y-oir\" role=\"listitem\">\n\t\t\t<div class=\"elementor-post__card\">\n\t\t\t\t<a class=\"elementor-post__thumbnail__link\" href=\"https:\/\/mmberriz.org\/XVI-capitulo-general\/eucaristia-de-clausura\/\" tabindex=\"-1\" ><div class=\"elementor-post__thumbnail\"><img fetchpriority=\"high\" decoding=\"async\" width=\"2040\" height=\"1536\" src=\"https:\/\/mmberriz.org\/XVI-capitulo-general\/wp-content\/uploads\/sites\/2\/2024\/07\/altar1.jpg\" class=\"attachment-full size-full wp-image-4616\" alt=\"\" srcset=\"https:\/\/mmberriz.org\/XVI-capitulo-general\/wp-content\/uploads\/sites\/2\/2024\/07\/altar1.jpg 2040w, https:\/\/mmberriz.org\/XVI-capitulo-general\/wp-content\/uploads\/sites\/2\/2024\/07\/altar1-300x226.jpg 300w, https:\/\/mmberriz.org\/XVI-capitulo-general\/wp-content\/uploads\/sites\/2\/2024\/07\/altar1-1024x771.jpg 1024w, https:\/\/mmberriz.org\/XVI-capitulo-general\/wp-content\/uploads\/sites\/2\/2024\/07\/altar1-768x578.jpg 768w, https:\/\/mmberriz.org\/XVI-capitulo-general\/wp-content\/uploads\/sites\/2\/2024\/07\/altar1-1536x1157.jpg 1536w\" sizes=\"(max-width: 2040px) 100vw, 2040px\" \/><\/div><\/a>\n\t\t\t\t<div class=\"elementor-post__text\">\n\t\t\t\t<h4 class=\"elementor-post__title\">\n\t\t\t<a href=\"https:\/\/mmberriz.org\/XVI-capitulo-general\/eucaristia-de-clausura\/\" >\n\t\t\t\tEUCARISTIA DE  CLAUSURA\t\t\t<\/a>\n\t\t<\/h4>\n\t\t\t\t<div class=\"elementor-post__excerpt\">\n\t\t\t<p>EUCARIST\u00cdA DE CLAUSURA DEL XVII CAPITULO GENERAL DE LAS MERCEDARIAS MISIONERAS DE BERRIZ. (youtube.com)<\/p>\n\t\t<\/div>\n\t\t\n\t\t<a class=\"elementor-post__read-more\" href=\"https:\/\/mmberriz.org\/XVI-capitulo-general\/eucaristia-de-clausura\/\" aria-label=\"M\u00e1s informaci\u00f3n sobre EUCARISTIA DE  CLAUSURA\" tabindex=\"-1\" >\n\t\t\tLeer m\u00e1s\t\t<\/a>\n\n\t\t\t\t<\/div>\n\t\t\t\t<div class=\"elementor-post__meta-data\">\n\t\t\t\t\t<span class=\"elementor-post-date\">\n\t\t\t07\/07\/2024\t\t<\/span>\n\t\t\t\t<\/div>\n\t\t\t\t\t<\/div>\n\t\t<\/article>\n\t\t\t\t<article class=\"elementor-post elementor-grid-item post-4566 post type-post status-publish format-standard has-post-thumbnail hentry category-en-capitulo\" role=\"listitem\">\n\t\t\t<div class=\"elementor-post__card\">\n\t\t\t\t<a class=\"elementor-post__thumbnail__link\" href=\"https:\/\/mmberriz.org\/XVI-capitulo-general\/clausura\/\" tabindex=\"-1\" ><div class=\"elementor-post__thumbnail\"><img decoding=\"async\" width=\"1970\" height=\"1536\" src=\"https:\/\/mmberriz.org\/XVI-capitulo-general\/wp-content\/uploads\/sites\/2\/2024\/07\/Mexca-SA.jpg\" class=\"attachment-full size-full wp-image-4585\" alt=\"\" srcset=\"https:\/\/mmberriz.org\/XVI-capitulo-general\/wp-content\/uploads\/sites\/2\/2024\/07\/Mexca-SA.jpg 1970w, https:\/\/mmberriz.org\/XVI-capitulo-general\/wp-content\/uploads\/sites\/2\/2024\/07\/Mexca-SA-300x234.jpg 300w, https:\/\/mmberriz.org\/XVI-capitulo-general\/wp-content\/uploads\/sites\/2\/2024\/07\/Mexca-SA-1024x798.jpg 1024w, https:\/\/mmberriz.org\/XVI-capitulo-general\/wp-content\/uploads\/sites\/2\/2024\/07\/Mexca-SA-768x599.jpg 768w, https:\/\/mmberriz.org\/XVI-capitulo-general\/wp-content\/uploads\/sites\/2\/2024\/07\/Mexca-SA-1536x1198.jpg 1536w\" sizes=\"(max-width: 1970px) 100vw, 1970px\" \/><\/div><\/a>\n\t\t\t\t<div class=\"elementor-post__text\">\n\t\t\t\t<h4 class=\"elementor-post__title\">\n\t\t\t<a href=\"https:\/\/mmberriz.org\/XVI-capitulo-general\/clausura\/\" >\n\t\t\t\tCLAUSURA\t\t\t<\/a>\n\t\t<\/h4>\n\t\t\t\t<div class=\"elementor-post__excerpt\">\n\t\t\t<p>Lourdes Gorostola, Coordinadora General, ha clausurado el XVII Cap\u00edtulo General. \u00abHa llegado el momento de volver a nuestras Misiones, comunidades<\/p>\n\t\t<\/div>\n\t\t\n\t\t<a class=\"elementor-post__read-more\" href=\"https:\/\/mmberriz.org\/XVI-capitulo-general\/clausura\/\" aria-label=\"M\u00e1s informaci\u00f3n sobre CLAUSURA\" tabindex=\"-1\" >\n\t\t\tLeer m\u00e1s\t\t<\/a>\n\n\t\t\t\t<\/div>\n\t\t\t\t<div class=\"elementor-post__meta-data\">\n\t\t\t\t\t<span class=\"elementor-post-date\">\n\t\t\t06\/07\/2024\t\t<\/span>\n\t\t\t\t<\/div>\n\t\t\t\t\t<\/div>\n\t\t<\/article>\n\t\t\t\t<article class=\"elementor-post elementor-grid-item post-4560 post type-post status-publish format-standard has-post-thumbnail hentry category-en-capitulo\" role=\"listitem\">\n\t\t\t<div class=\"elementor-post__card\">\n\t\t\t\t<a class=\"elementor-post__thumbnail__link\" href=\"https:\/\/mmberriz.org\/XVI-capitulo-general\/visitamos-la-experiencia-del-capitulo\/\" tabindex=\"-1\" ><div class=\"elementor-post__thumbnail\"><img decoding=\"async\" width=\"1272\" height=\"725\" src=\"https:\/\/mmberriz.org\/XVI-capitulo-general\/wp-content\/uploads\/sites\/2\/2024\/07\/6.7-caminar-juntas.jpg\" class=\"attachment-full size-full wp-image-4561\" alt=\"\" srcset=\"https:\/\/mmberriz.org\/XVI-capitulo-general\/wp-content\/uploads\/sites\/2\/2024\/07\/6.7-caminar-juntas.jpg 1272w, https:\/\/mmberriz.org\/XVI-capitulo-general\/wp-content\/uploads\/sites\/2\/2024\/07\/6.7-caminar-juntas-300x171.jpg 300w, https:\/\/mmberriz.org\/XVI-capitulo-general\/wp-content\/uploads\/sites\/2\/2024\/07\/6.7-caminar-juntas-1024x584.jpg 1024w, https:\/\/mmberriz.org\/XVI-capitulo-general\/wp-content\/uploads\/sites\/2\/2024\/07\/6.7-caminar-juntas-768x438.jpg 768w\" sizes=\"(max-width: 1272px) 100vw, 1272px\" \/><\/div><\/a>\n\t\t\t\t<div class=\"elementor-post__text\">\n\t\t\t\t<h4 class=\"elementor-post__title\">\n\t\t\t<a href=\"https:\/\/mmberriz.org\/XVI-capitulo-general\/visitamos-la-experiencia-del-capitulo\/\" >\n\t\t\t\tVISITAMOS LA EXPERIENCIA DEL CAPITULO\t\t\t<\/a>\n\t\t<\/h4>\n\t\t\t\t<div class=\"elementor-post__excerpt\">\n\t\t\t<p>Despu\u00e9s de este mes de b\u00fasqueda, caminando juntas en confianza y libertad, hemos visitado la experiencia vivida como comunidad discerniente,<\/p>\n\t\t<\/div>\n\t\t\n\t\t<a class=\"elementor-post__read-more\" href=\"https:\/\/mmberriz.org\/XVI-capitulo-general\/visitamos-la-experiencia-del-capitulo\/\" aria-label=\"M\u00e1s informaci\u00f3n sobre VISITAMOS LA EXPERIENCIA DEL CAPITULO\" tabindex=\"-1\" >\n\t\t\tLeer m\u00e1s\t\t<\/a>\n\n\t\t\t\t<\/div>\n\t\t\t\t<div class=\"elementor-post__meta-data\">\n\t\t\t\t\t<span class=\"elementor-post-date\">\n\t\t\t06\/07\/2024\t\t<\/span>\n\t\t\t\t<\/div>\n\t\t\t\t\t<\/div>\n\t\t<\/article>\n\t\t\t\t<article class=\"elementor-post elementor-grid-item post-4552 post type-post status-publish format-standard has-post-thumbnail hentry category-en-capitulo\" role=\"listitem\">\n\t\t\t<div class=\"elementor-post__card\">\n\t\t\t\t<a class=\"elementor-post__thumbnail__link\" href=\"https:\/\/mmberriz.org\/XVI-capitulo-general\/otra-visita\/\" tabindex=\"-1\" ><div class=\"elementor-post__thumbnail\"><img loading=\"lazy\" decoding=\"async\" width=\"2040\" height=\"1536\" src=\"https:\/\/mmberriz.org\/XVI-capitulo-general\/wp-content\/uploads\/sites\/2\/2024\/07\/visita1.jpg\" class=\"attachment-full size-full wp-image-4553\" alt=\"\" srcset=\"https:\/\/mmberriz.org\/XVI-capitulo-general\/wp-content\/uploads\/sites\/2\/2024\/07\/visita1.jpg 2040w, https:\/\/mmberriz.org\/XVI-capitulo-general\/wp-content\/uploads\/sites\/2\/2024\/07\/visita1-300x226.jpg 300w, https:\/\/mmberriz.org\/XVI-capitulo-general\/wp-content\/uploads\/sites\/2\/2024\/07\/visita1-1024x771.jpg 1024w, https:\/\/mmberriz.org\/XVI-capitulo-general\/wp-content\/uploads\/sites\/2\/2024\/07\/visita1-768x578.jpg 768w, https:\/\/mmberriz.org\/XVI-capitulo-general\/wp-content\/uploads\/sites\/2\/2024\/07\/visita1-1536x1157.jpg 1536w\" sizes=\"(max-width: 2040px) 100vw, 2040px\" \/><\/div><\/a>\n\t\t\t\t<div class=\"elementor-post__text\">\n\t\t\t\t<h4 class=\"elementor-post__title\">\n\t\t\t<a href=\"https:\/\/mmberriz.org\/XVI-capitulo-general\/otra-visita\/\" >\n\t\t\t\tOTRA VISITA\t\t\t<\/a>\n\t\t<\/h4>\n\t\t\t\t<div class=\"elementor-post__excerpt\">\n\t\t\t<p>Desde la Delegaci\u00f3n Diocesana de Misiones hemos disfrutado de un buen espacio de conversaci\u00f3n con Feli Mart\u00edn y Mertxe Aguirre.<\/p>\n\t\t<\/div>\n\t\t\n\t\t<a class=\"elementor-post__read-more\" href=\"https:\/\/mmberriz.org\/XVI-capitulo-general\/otra-visita\/\" aria-label=\"M\u00e1s informaci\u00f3n sobre OTRA VISITA\" tabindex=\"-1\" >\n\t\t\tLeer m\u00e1s\t\t<\/a>\n\n\t\t\t\t<\/div>\n\t\t\t\t<div class=\"elementor-post__meta-data\">\n\t\t\t\t\t<span class=\"elementor-post-date\">\n\t\t\t06\/07\/2024\t\t<\/span>\n\t\t\t\t<\/div>\n\t\t\t\t\t<\/div>\n\t\t<\/article>\n\t\t\t\t<article class=\"elementor-post elementor-grid-item post-4538 post type-post status-publish format-standard has-post-thumbnail hentry category-en-capitulo category-ver-y-oir\" role=\"listitem\">\n\t\t\t<div class=\"elementor-post__card\">\n\t\t\t\t<a class=\"elementor-post__thumbnail__link\" href=\"https:\/\/mmberriz.org\/XVI-capitulo-general\/visita\/\" tabindex=\"-1\" ><div class=\"elementor-post__thumbnail\"><img loading=\"lazy\" decoding=\"async\" width=\"2040\" height=\"1461\" src=\"https:\/\/mmberriz.org\/XVI-capitulo-general\/wp-content\/uploads\/sites\/2\/2024\/07\/con-P.-Jose-Agustin-1.jpg\" class=\"attachment-full size-full wp-image-4539\" alt=\"\" srcset=\"https:\/\/mmberriz.org\/XVI-capitulo-general\/wp-content\/uploads\/sites\/2\/2024\/07\/con-P.-Jose-Agustin-1.jpg 2040w, https:\/\/mmberriz.org\/XVI-capitulo-general\/wp-content\/uploads\/sites\/2\/2024\/07\/con-P.-Jose-Agustin-1-300x215.jpg 300w, https:\/\/mmberriz.org\/XVI-capitulo-general\/wp-content\/uploads\/sites\/2\/2024\/07\/con-P.-Jose-Agustin-1-1024x733.jpg 1024w, https:\/\/mmberriz.org\/XVI-capitulo-general\/wp-content\/uploads\/sites\/2\/2024\/07\/con-P.-Jose-Agustin-1-768x550.jpg 768w, https:\/\/mmberriz.org\/XVI-capitulo-general\/wp-content\/uploads\/sites\/2\/2024\/07\/con-P.-Jose-Agustin-1-1536x1100.jpg 1536w\" sizes=\"(max-width: 2040px) 100vw, 2040px\" \/><\/div><\/a>\n\t\t\t\t<div class=\"elementor-post__text\">\n\t\t\t\t<h4 class=\"elementor-post__title\">\n\t\t\t<a href=\"https:\/\/mmberriz.org\/XVI-capitulo-general\/visita\/\" >\n\t\t\t\tVISITA\t\t\t<\/a>\n\t\t<\/h4>\n\t\t\t\t<div class=\"elementor-post__excerpt\">\n\t\t\t<p>Hemos tenido la visita de Jos\u00e9 Agust\u00edn Maiz p\u00e1rroco de Lekeitio y un buen amigo.<\/p>\n\t\t<\/div>\n\t\t\n\t\t<a class=\"elementor-post__read-more\" href=\"https:\/\/mmberriz.org\/XVI-capitulo-general\/visita\/\" aria-label=\"M\u00e1s informaci\u00f3n sobre VISITA\" tabindex=\"-1\" >\n\t\t\tLeer m\u00e1s\t\t<\/a>\n\n\t\t\t\t<\/div>\n\t\t\t\t<div class=\"elementor-post__meta-data\">\n\t\t\t\t\t<span class=\"elementor-post-date\">\n\t\t\t03\/07\/2024\t\t<\/span>\n\t\t\t\t<\/div>\n\t\t\t\t\t<\/div>\n\t\t<\/article>\n\t\t\t\t<article class=\"elementor-post elementor-grid-item post-4498 post type-post status-publish format-standard has-post-thumbnail hentry category-en-capitulo\" role=\"listitem\">\n\t\t\t<div class=\"elementor-post__card\">\n\t\t\t\t<a class=\"elementor-post__thumbnail__link\" href=\"https:\/\/mmberriz.org\/XVI-capitulo-general\/ya-tenemos-gobierno-general\/\" tabindex=\"-1\" ><div class=\"elementor-post__thumbnail\"><img loading=\"lazy\" decoding=\"async\" width=\"1971\" height=\"1307\" src=\"https:\/\/mmberriz.org\/XVI-capitulo-general\/wp-content\/uploads\/sites\/2\/2024\/07\/CC-con-GA.jpg\" class=\"attachment-full size-full wp-image-4501\" alt=\"\" srcset=\"https:\/\/mmberriz.org\/XVI-capitulo-general\/wp-content\/uploads\/sites\/2\/2024\/07\/CC-con-GA.jpg 1971w, https:\/\/mmberriz.org\/XVI-capitulo-general\/wp-content\/uploads\/sites\/2\/2024\/07\/CC-con-GA-300x199.jpg 300w, https:\/\/mmberriz.org\/XVI-capitulo-general\/wp-content\/uploads\/sites\/2\/2024\/07\/CC-con-GA-1024x679.jpg 1024w, https:\/\/mmberriz.org\/XVI-capitulo-general\/wp-content\/uploads\/sites\/2\/2024\/07\/CC-con-GA-768x509.jpg 768w, https:\/\/mmberriz.org\/XVI-capitulo-general\/wp-content\/uploads\/sites\/2\/2024\/07\/CC-con-GA-1536x1019.jpg 1536w\" sizes=\"(max-width: 1971px) 100vw, 1971px\" \/><\/div><\/a>\n\t\t\t\t<div class=\"elementor-post__text\">\n\t\t\t\t<h4 class=\"elementor-post__title\">\n\t\t\t<a href=\"https:\/\/mmberriz.org\/XVI-capitulo-general\/ya-tenemos-gobierno-general\/\" >\n\t\t\t\tYA TENEMOS GOBIERNO GENERAL\t\t\t<\/a>\n\t\t<\/h4>\n\t\t\t\t<div class=\"elementor-post__excerpt\">\n\t\t\t<p>En el d\u00eda de hoy hemos elegido al Gobierno General, las hermanas que nos van acompa\u00f1ar en estos seis a\u00f1os.<\/p>\n\t\t<\/div>\n\t\t\n\t\t<a class=\"elementor-post__read-more\" href=\"https:\/\/mmberriz.org\/XVI-capitulo-general\/ya-tenemos-gobierno-general\/\" aria-label=\"M\u00e1s informaci\u00f3n sobre YA TENEMOS GOBIERNO GENERAL\" tabindex=\"-1\" >\n\t\t\tLeer m\u00e1s\t\t<\/a>\n\n\t\t\t\t<\/div>\n\t\t\t\t<div class=\"elementor-post__meta-data\">\n\t\t\t\t\t<span class=\"elementor-post-date\">\n\t\t\t01\/07\/2024\t\t<\/span>\n\t\t\t\t<\/div>\n\t\t\t\t\t<\/div>\n\t\t<\/article>\n\t\t\t\t<\/div>\n\t\t\n\t\t\t\t<div class=\"e-load-more-anchor\" data-page=\"1\" data-max-page=\"5\" data-next-page=\"https:\/\/mmberriz.org\/XVI-capitulo-general\/wp-json\/wp\/v2\/pages\/257\/page\/2\/\"><\/div>\n\t\t\t\t<nav class=\"elementor-pagination\" aria-label=\"Paginaci\u00f3n\">\n\t\t\t<span class=\"page-numbers prev\">&laquo; Anterior<\/span>\n<a class=\"page-numbers next\" href=\"https:\/\/mmberriz.org\/XVI-capitulo-general\/wp-json\/wp\/v2\/pages\/257\/page\/2\/\">Siguiente &raquo;<\/a>\t\t<\/nav>\n\t\t\t\t\t\t<\/div>\n\t\t\t\t<\/div>\n\t\t\t\t\t<\/div>\n\t\t\t\t<\/div>\n\t\t\t\t<\/div>\n\t\t","protected":false},"excerpt":{"rendered":"<p>En Cap\u00edtulo<\/p>\n","protected":false},"author":1,"featured_media":0,"parent":0,"menu_order":0,"comment_status":"closed","ping_status":"closed","template":"elementor_header_footer","meta":{"footnotes":""},"folder":[],"class_list":["post-257","page","type-page","status-publish","hentry"],"_links":{"self":[{"href":"https:\/\/mmberriz.org\/XVI-capitulo-general\/wp-json\/wp\/v2\/pages\/257","targetHints":{"allow":["GET"]}}],"collection":[{"href":"https:\/\/mmberriz.org\/XVI-capitulo-general\/wp-json\/wp\/v2\/pages"}],"about":[{"href":"https:\/\/mmberriz.org\/XVI-capitulo-general\/wp-json\/wp\/v2\/types\/page"}],"author":[{"embeddable":true,"href":"https:\/\/mmberriz.org\/XVI-capitulo-general\/wp-json\/wp\/v2\/users\/1"}],"replies":[{"embeddable":true,"href":"https:\/\/mmberriz.org\/XVI-capitulo-general\/wp-json\/wp\/v2\/comments?post=257"}],"version-history":[{"count":130,"href":"https:\/\/mmberriz.org\/XVI-capitulo-general\/wp-json\/wp\/v2\/pages\/257\/revisions"}],"predecessor-version":[{"id":2536,"href":"https:\/\/mmberriz.org\/XVI-capitulo-general\/wp-json\/wp\/v2\/pages\/257\/revisions\/2536"}],"wp:attachment":[{"href":"https:\/\/mmberriz.org\/XVI-capitulo-general\/wp-json\/wp\/v2\/media?parent=257"}],"wp:term":[{"taxonomy":"folder","embeddable":true,"href":"https:\/\/mmberriz.org\/XVI-capitulo-general\/wp-json\/wp\/v2\/folder?post=257"}],"curies":[{"name":"wp","href":"https:\/\/api.w.org\/{rel}","templated":true}]}}